termine y(a).
-8
Suppose -35*i + 31*i = 0. Let m(o) = -2*o**3 + 2*o**3 - o**3 + 3. Calculate m(i).
3
Let w be -3 + 2 - (-1 - 3). Suppose 5*t - 10 = 5*q, -q - w*t + 4 + 10 = 0. Let j(m) = -2*m**2 + m. Calculate j(q).
-6
Let d(f) be the third derivative of -f**6/120 - f**5/12 + 7*f**4/24 + 2*f**3/3 - 2*f**2. Suppose -4*w = -w - 6. Let o be (-4)/(-3)*(-9)/w. Give d(o).
-2
Let k be (-192)/33 + 8/(-44). Let l(w) = -w**2 - 5*w - 3. Give l(k).
-9
Let y(d) = d**2 - 7*d - 3. Let n(i) = i**2 - 7*i - 4. Let l(u) = -2*n(u) + 3*y(u). What is l(5)?
-11
Let u(s) = s**2 - 5*s + 4. Suppose -2*t - 11 = 3*g, -18 = 2*g + 4*t - 0*t. Let f = g + -2. Let w be 30/9 - 2/f. Give u(w).
0
Let p = 41 + -37. Let z(q) = -q**3 + 4*q**2 + q - 3. Determine z(p).
1
Let f(j) = -14*j**3 - j**2 + j + 1. Let n(r) = r**3 + 3*r**2 + 3*r + 8. Let b be n(-3). Give f(b).
13
Let u(r) = -2*r**2 + 12*r - 17. Let f(w) = -w**2 + 6*w - 8. Let k(l) = 5*f(l) - 2*u(l). What is k(6)?
-6
Let i be -3*(-3)/(-9) - -8. Let j(o) = o**2 - 7*o - 5. Determine j(i).
-5
Let i(o) = o**3 + 3*o**2 + 4*o + 4. Suppose 0 - 6 = -z. Let k(r) = -r**3 + 5*r**2 + 5*r + 3. Let y be k(z). Calculate i(y).
-8
Suppose 20 = -x + 5*x. Suppose 2*l - 8 = 3*t, -x = 3*t - l + 5. Let j(y) = 4*y - 7. Let s(z) = 3*z - 6. Let k(u) = -4*j(u) + 5*s(u). What is k(t)?
2
Let o be 62/15 + (-12)/90. Let i(x) = -x**3 + 4*x**2 + x + 3. What is i(o)?
7
Suppose -146 = 3*v - 5*f, 4*v - 2*f + 176 = -0*f. Let y be v/(-12)*8/14. Let b(o) = -o**3 - 3*o + 3. Give b(y).
-11
Let s(g) = 0 - 3*g**2 - 5*g + 5 + 2*g**2 - 4. What is s(-5)?
1
Let u(y) = y**3 - 2*y**2 - 2*y + 3. Let b(w) be the first derivative of -w**4/4 + 4*w**3/3 + 5*w**2/2 + 3*w - 4. Let h be b(5). What is u(h)?
6
Let z(y) be the second derivative of y**4/12 - y**3/6 - 9*y**2/2 + 6*y. Calculate z(0).
-9
Let j(c) = c**2 - c - 1. Let r be j(-3). Let x = -7 + r. Let m(v) = 2*v - v + 2*v - x*v. Calculate m(1).
-1
Let r(p) = -2*p**2 - 3*p + 7. Let h(d) = d**2 + 2*d - 3. Let n be 18/5 - 6/(-15). Let q(t) = n*r(t) + 9*h(t). Suppose 20 = m - 6*m. Determine q(m).
-7
Let z(k) = k**2 - 5*k - 4. Let x be 1/2*(-27 + 1). Suppose a + 73 = m + 3*m, -57 = -3*m + 3*a. Let n = x + m. Give z(n).
-4
Let i(t) = t. Let c(z) = 7*z - 1. Let q(a) = -c(a) + 2*i(a). Let y = 7 - 8. Give q(y).
6
Let u(d) = -d - 1. Suppose 0*s + 16 = 4*s. Suppose w = s*f - 1, 5*f + 0*f - 15 = 4*w. Calculate u(f).
0
Let k be ((-18)/15)/((-4)/10). Let q be (-4)/(-3)*k/(-2). Let b(n) = 3 + 0*n**2 - n**3 - n - 2*n**2 - 2. Calculate b(q).
3
Let u(q) = -3*q**2 + 5*q - 3*q - q**3 - 3*q + 9*q**2. Calculate u(6).
-6
Let c(q) = -7*q**3 - q**2. Suppose 3*v + 1 = -2. Let d be (-2 + 5)/3*v. Determine c(d).
6
Let n(b) = b. Let y = 11 - 3. Let r(c) = -c**2 + 5*c. Let a be r(5). Suppose 4*h + a = y. Calculate n(h).
2
Suppose j + 11 = -5*t - 0, -4 = 4*t - 4*j. Let f(i) = i**3 + 2*i**2 - i + 1. What is f(t)?
3
Suppose 3*g - 36 = 6*g. Let y = -8 - g. Let d(f) = -3*f**2 - f - 7. Let b(m) = m**2 + m + 3. Let c(w) = 5*b(w) + 2*d(w). Give c(y).
-3
Let l(s) be the first derivative of -s**3/3 - s**2 + 2*s + 1. What is l(2)?
-6
Let g(c) be the third derivative of -2*c**2 + 0 - c**3 + 1/120*c**6 - 1/24*c**4 - 1/60*c**5 + 0*c. Calculate g(0).
-6
Let t(m) be the second derivative of -m**5/20 - 7*m**4/12 - 5*m**3/6 - 3*m**2/2 + m. Let p = -18 + 13. Let d(l) = -l**2 - 4*l - 1. Let y be d(p). What is t(y)?
-9
Let s = -14 + 16. Let x(f) = -3*f**3 + 5*f**2 - 6*f - 13. Let o(b) = -7 + 3*b**2 - 2 - 2*b**3 - 2*b - 2*b. Let y(d) = -7*o(d) + 5*x(d). Give y(s).
2
Let u = -11 - -15. Let s(p) = -2*p - 10*p**2 + 5 - u + 9*p**2. Suppose -5*v + 2 = -4*z, 2*z - 2*v = -0*z - 2. Calculate s(z).
-2
Let f(q) = -q**2 - 4*q - 4. Let w(b) = -b**3 - b**2 - b - 3. Let m(s) = -s**2 - 7*s. Let i be m(-7). Let p be w(i). What is f(p)?
-1
Let w(c) = 3*c + 11. Let l(q) = 4*q + 12. Let o(a) = -4*l(a) + 5*w(a). What is o(8)?
-1
Let z(m) = 8*m - 6. Let f(q) = -9*q + 7. Let x(s) = -5*f(s) - 6*z(s). Suppose 4 = -c + 5*c. Let j be ((-2)/(-4))/(c/(-4)). Calculate x(j).
7
Let p(g) = -4*g + 5 + 0 - 6*g. Let i(n) = -2*n + 1. Let q(m) = -11*i(m) + 2*p(m). What is q(-3)?
-7
Suppose 3*k - 1 + 4 = 0, 0 = -q + 3*k + 1. Let y(l) = l. Let p be (-46)/(-4) - (-2)/(-4). Let b(f) = -3*f. Let v(t) = p*y(t) + 4*b(t). What is v(q)?
2
Let q(i) be the first derivative of i**3/3 - 6*i**2 + 13*i + 1. Let r be q(11). Let h(l) = -l**3 - 6*l**r - 5*l + 0 + 0 + 3. Give h(-5).
3
Let b be -1*2*1 + 12. Let t be 1*b*6/15. Let d(k) be the third derivative of k**6/120 - k**5/20 - k**4/12 - k**3/6 + 31*k**2. Determine d(t).
7
Let a(t) be the second derivative of t**5/20 + 2*t**4/3 + t**3/6 + 3*t**2 - 10*t. Determine a(-8).
-2
Let p(c) = 13*c - 1. Let m be p(-1). Suppose 3*v - 23 = 2*n, 0 = 4*v - v - 5*n - 17. Let t = v + m. Let h(o) = o**2 + 4*o + 3. Calculate h(t).
8
Let f(q) = q**2 - 10*q + 2. Let n be 5 - 6 - (-8 - 0). Calculate f(n).
-19
Let n(b) be the first derivative of -b**3/3 + b + 8. Let h(s) = -4*s**2 - 3*s. Let p(v) = h(v) - 3*n(v). Determine p(-3).
-3
Let w(s) = 0 - s**3 + 4 + 2 + 0*s**2 + s**2. Let x be 4/(-6) - (-4)/6. What is w(x)?
6
Let s(h) = -h - 3. Suppose 5*o - 65 = -5*z, -4*z + 2*o + 47 - 1 = 0. Suppose -5*d = -4*r + 16, -4*d - r = 2*r - z. What is s(d)?
-3
Suppose -3*m + 3*l = 2*m - 40, 2*m + l - 5 = 0. Let w(s) = -2 - s + s - s**2 + 6*s. Determine w(m).
3
Let l(t) = -2*t - 1. Let u(b) = 2*b + 1. Let n(r) = -5*l(r) - 6*u(r). Give n(4).
-9
Let x(y) = -y**3 - 7*y**2 - 6*y + 1. Let f be x(-6). Let p(v) = 2 + 1 - f - v. Calculate p(-5).
7
Let c(u) be the third derivative of u**5/60 - u**4/4 + 2*u**3/3 - u**2. Let f be (4/(-10))/((-8)/120). Calculate c(f).
4
Let a = -7 - -7. Let g be (-2)/((-6)/15 - a). Let n(l) = 1 + 0*l + 2 - g + 3*l. Determine n(3).
7
Let c(d) be the second derivative of -d**3/2 + d**2/2 + 2*d. Suppose 0*k = k - 16. Let i = k + -13. Calculate c(i).
-8
Let o(c) = -624 + 3*c**2 + 5*c + 620 - 2*c**2 - c**3. Give o(3).
-7
Let z be (-5)/((-75)/6)*5. Let y(l) = -z*l + 3*l + 3 + 2*l + 2*l**2 + 2*l. Calculate y(-3).
6
Let n(o) = -26*o + 10. Suppose 5*r = -5, 6*f = 5*f - 2*r + 4. Let m(p) = -f + 2 - p + 6*p + 2. Let a(y) = -11*m(y) - 2*n(y). Determine a(-2).
8
Suppose 11 = 4*b - 0*b + d, d - 13 = -5*b. Let a(x) be the second derivative of -1/2*x**2 - 1/6*x**3 + 0 + b*x. Calculate a(3).
-4
Let c(i) = i**3 - 7*i**2 + 3. Let s(y) = -y**2 - 8*y - 5. Let k be s(-6). Let q be c(k). Let f(a) = -a**2 + 3*a - 4. Calculate f(q).
-4
Let g(i) = 14 + 3*i - 6*i + 2*i. Let d(k) = k**3 - 12*k**2 - 13*k + 7. Let v be d(13). Calculate g(v).
7
Let m(j) = -j**3 + 6*j**2 + 2*j - 5. Let v be 27/2 + (-1)/2. Suppose -v = -3*o - 4. Suppose 0 = o*u - 6*u + 18. Give m(u).
7
Let s(d) = -25*d + 74*d + 4 - 21*d - 29*d. Let q = -3 + 6. What is s(q)?
1
Let f(m) = -12*m**3 - 1. Let h(b) = -b**3 - 10*b**2 - 10*b - 10. Let g be h(-9). Determine f(g).
11
Let h = 33 - 38. Let v(d) = -d**2 - 6*d + 2. Give v(h).
7
Let s(j) = -11*j**2 - 14*j + 7. Let v(b) = -2*b**2 - b. Let d(c) = -s(c) + 6*v(c). Give d(6).
5
Let f = -35 - -34. Let p(l) = -5*l**2 - l - 1. Give p(f).
-5
Let k(g) = -2*g**2 + 3*g + 5*g + g**2. Let p be k(8). Suppose p*s + 5*s = 5. Let v(z) = -3*z**2 - 1. Give v(s).
-4
Suppose 3*j = -15, 3*i - 25 = -i + 5*j. Suppose 2*a + 3*z + 1 = i, -a = 4*a + 2*z + 8. Let c(f) = 2*f**2 - 2. Give c(a).
6
Let z(g) be the third derivative of -g**5/60 - 7*g**4/12 - 5*g**3/6 - 36*g**2. Determine z(-14).
-5
Let o(a) be the second derivative of -a**3/2 - a**2 - 10*a. Give o(5).
-17
Let r(b) = -5*b**2 - 9*b + 7. Let o(z) = z**3 + z - 1. Let w(i) = -o(i) - r(i). Give w(6).
6
Let g(s) = -3 - s**2 - 10 - 6*s - 5*s. What is g(-9)?
5
Let q(z) be the third derivative of -z**6/120 - z**5/20 - z**4/24 + z**3/3 + 4*z**2. Suppose 0 = c + 2*c + 9. Give q(c).
5
Suppose -t - h + 6 - 3 = 0, -4*t + 12 = 2*h. Let f be (6/(-2))/t*-3. Suppose j = -0*j + f. Let r(s) = -s**2 + s - 3. Calculate r(j).
-9
Let m(z) = -4*z - 9*z - 8*z + 20*z - 12. Determine m(-6).
-6
Let f(q) = -q**2 - 5*q + 6. Let s(d) = -d**3 - 5*d**2 + 8*d + 6. Let p be s(-6). Let m be f(p). Let h(a) = -a**3 - a**2 + 8. Calculate h(m).
8
Let d(r) = r**2 - 4*r - 1. Let v be d(5). Let y(g) = -2*g**3 + g - v*g**2 + 0*g**3 - 3*g + g**3. Suppose -s = -3*x - 7, 1 + 3 = -x + 2*s. What is y(x)?
-4
Let p = 88 